ist the prime factors of 332965.
5, 66593
List the prime factors of 12613168.
2, 743, 1061
What are the prime factors of 3073466?
2, 11, 139703
What are the prime factors of 646932?
2, 3, 11, 13, 29
List the prime factors of 6402478.
2, 41, 78079
List the prime factors of 14091826.
2, 7, 1006559
List the prime factors of 795334.
2, 47, 8461
List the prime factors of 9371521.
73, 128377
What are the prime factors of 98679?
3, 7, 37, 127
What are the prime factors of 2851932?
2, 3, 43, 5527
What are the prime factors of 2175125?
5, 17401
What are the prime factors of 5067822?
2, 3, 47, 17971
What are the prime factors of 1161188?
2, 7, 113, 367
What are the prime factors of 12989516?
2, 37, 87767
What are the prime factors of 1708321?
1708321
What are the prime factors of 15221870?
2, 5, 1522187
What are the prime factors of 75235?
5, 41, 367
What are the prime factors of 70048?
2, 11, 199
List the prime factors of 96655.
5, 13, 1487
List the prime factors of 12872454.
2, 3, 7, 47, 6521
List the prime factors of 1481514.
2, 3, 246919
List the prime factors of 2449226.
2, 13, 94201
What are the prime factors of 2714561?
61, 44501
List the prime factors of 512616.
2, 3, 13, 31, 53
List the prime factors of 41773.
37, 1129
List the prime factors of 26869334.
2, 269, 49943
What are the prime factors of 40977?
3, 29, 157
List the prime factors of 4515950.
2, 5, 181, 499
What are the prime factors of 21607786?
2, 61, 177113
List the prime factors of 32732709.
3, 10910903
What are the prime factors of 181669?
181669
What are the prime factors of 37944?
2, 3, 17, 31
What are the prime factors of 2555278?
2, 11, 10559
List the prime factors of 2748210.
2, 3, 5, 101, 907
List the prime factors of 362182.
2, 47, 3853
List the prime factors of 756389.
101, 7489
What are the prime factors of 393805?
5, 17, 41, 113
What are the prime factors of 324103?
13, 107, 233
List the prime factors of 833553.
3, 7, 101, 131
What are the prime factors of 3065?
5, 613
List the prime factors of 328811.
7, 107, 439
List the prime factors of 7421004.
2, 3, 68713
List the prime factors of 4815862.
2, 17, 197, 719
What are the prime factors of 5598410?
2, 5, 559841
List the prime factors of 209833.
13, 16141
List the prime factors of 60522.
2, 3, 7, 11, 131
What are the prime factors of 22923588?
2, 3, 79, 24181
List the prime factors of 11094346.
2, 1451, 3823
List the prime factors of 10576233.
3, 353, 3329
List the prime factors of 295909.
295909
What are the prime factors of 936056?
2, 11, 967
List the prime factors of 197214.
2, 3, 32869
List the prime factors of 192548.
2, 37, 1301
What are the prime factors of 6726382?
2, 13, 258707
What are the prime factors of 266752?
2, 521
What are the prime factors of 13169205?
3, 5, 7, 97, 431
List the prime factors of 1097645.
5, 219529
What are the prime factors of 184761?
3, 2281
List the prime factors of 55827.
3, 6203
List the prime factors of 5452030.
2, 5, 545203
List the prime factors of 146326.
2, 23, 3181
What are the prime factors of 943474?
2, 7, 67391
List the prime factors of 18298847.
7, 2614121
List the prime factors of 7964533.
769, 10357
What are the prime factors of 103256?
2, 12907
List the prime factors of 271965.
3, 5, 18131
What are the prime factors of 2288020?
2, 5, 7, 59, 277
List the prime factors of 328651.
328651
What are the prime factors of 703497?
3, 234499
What are the prime factors of 4151264?
2, 13, 17, 587
What are the prime factors of 16096279?
197, 81707
List the prime factors of 3653098.
2, 1826549
List the prime factors of 916798.
2, 458399
List the prime factors of 6078736.
2, 71, 5351
List the prime factors of 547095.
3, 5, 36473
List the prime factors of 19153319.
23, 31, 26863
What are the prime factors of 5197231?
13, 399787
What are the prime factors of 614498?
2, 19, 103, 157
List the prime factors of 75905.
5, 17, 19, 47
What are the prime factors of 5813988?
2, 3, 31, 15629
List the prime factors of 3808138.
2, 1904069
List the prime factors of 5775949.
503, 11483
What are the prime factors of 451253?
11, 41023
List the prime factors of 5719285.
5, 11, 13, 19, 421
List the prime factors of 2680654.
2, 1340327
What are the prime factors of 1261357?
1261357
What are the prime factors of 17473986?
2, 3, 970777
List the prime factors of 16315847.
733, 22259
List the prime factors of 605519.
269, 2251
What are the prime factors of 8608331?
29, 101, 2939
List the prime factors of 283537.
19, 14923
List the prime factors of 99579.
3, 19, 1747
List the prime factors of 13035726.
2, 3, 11, 65837
What are the prime factors of 853453?
719, 1187
List the prime factors of 2222931.
3, 149, 4973
What are the prime factors of 1099872?
2, 3, 19, 67
List the prime factors of 754670.
2, 5, 7, 10781
What are the prime factors of 192770?
2, 5, 37, 521
What are the prime factors of 3114720?
2, 3, 5, 7, 103
What are the prime factors of 2315640?
2, 3, 5, 23, 839
What are the prime factors of 530593?
7, 229, 331
What are the prime factors of 3812428?
2, 271, 3517
List the prime factors of 226753.
226753
What are the prime factors of 1673460?
2, 3, 5, 1033
List the prime factors of 4970328.
2, 3, 11, 67, 281
What are the prime factors of 835083?
3, 157, 197
List the prime factors of 970837.
7, 19813
What are the prime factors of 270692?
2, 31, 37, 59
What are the prime factors of 473973?
3, 157991
What are the prime factors of 22698274?
2, 19, 47, 71, 179
What are the prime factors of 531195?
3, 5, 7, 5059
What are the prime factors of 311689?
7, 6361
List the prime factors of 481290.
2, 3, 5, 61, 263
What are the prime factors of 162944?
2, 19, 67
List the prime factors of 538636.
2, 7, 19237
What are the prime factors of 615754?
2, 37, 53, 157
What are the prime factors of 308555?
5, 13, 47, 101
List the prime factors of 20503.
7, 29, 101
List the prime factors of 1950190.
2, 5, 11, 17729
List the prime factors of 3721031.
919, 4049
List the prime factors of 4176556.
2, 1044139
List the prime factors of 4522353.
3, 11, 43, 3187
What are the prime factors of 233736?
2, 3, 9739
List the prime factors of 7185801.
3, 7, 48883
What are the prime factors of 17380425?
3, 5, 29, 61, 131
List the prime factors of 3615502.
2, 11, 164341
What are the prime factors of 175919?
175919
List the prime factors of 2889196.
2, 722299
What are the prime factors of 2243414?
2, 1121707
What are the prime factors of 2502376?
2, 19, 101, 163
List the prime factors of 4205870.
2, 5, 29, 14503
What are the prime factors of 295533?
3, 7, 4691
List the prime factors of 141526.
2, 7, 11, 919
List the prime factors of 9182624.
2, 11, 19, 1373
List the prime factors of 1486419.
3, 11, 31, 1453
What are the prime factors of 14075858?
2, 7037929
What are the prime factors of 4284770?
2, 5, 7, 61211
List the prime factors of 3135590.
2, 5, 23, 13633
What are the prime factors of 48047?
23, 2089
What are the prime factors of 1669189?
1031, 1619
List the prime factors of 134041.
311, 431
What are the prime factors of 1744407?
3, 7, 27689
List the prime factors of 1597270.
2, 5, 211, 757
What are the prime factors of 3085793?
3085793
What are the prime factors of 207566?
2, 67, 1549
What are the prime factors of 2813509?
2813509
List the prime factors of 7096660.
2, 5, 354833
List the prime factors of 1615788.
2, 3, 4987
List the prime factors of 221411.
221411
List the prime factors of 4779287.
29, 97, 1699
What are the prime factors of 18049595?
5, 23, 31, 61, 83
List the prime factors of 425306.
2, 7, 17, 1787
What are the prime factors of 4345911?
3, 29, 16651
List the prime factors of 155784.
2, 3, 6491
What are the prime factors of 1846753?
239, 7727
What are the prime factors of 5506917?
3, 13, 337, 419
What are the prime factors of 908788?
2, 67, 3391
List the prime factors of 504509.
17, 59, 503
List the prime factors of 23603015.
5, 4720603
List the prime factors of 3944010.
2, 3, 5, 7, 2683
List the prime factors of 3944600.
2, 5, 11, 163
List the prime factors of 5743329.
3, 1914443
What are the prime factors of 1527338?
2, 23, 33203
What are the prime factors of 477879?
3, 159293
What are the prime factors of 79236?
2, 3, 31, 71
What are the prime factors of 1387774?
2, 23, 30169
List the prime factors of 211009.
79, 2671
L